 greatest common divisor of 1480 and 18381680?
40
What is the greatest common divisor of 126 and 297311168?
14
Calculate the greatest common factor of 6 and 2659611.
3
What is the greatest common factor of 26 and 220688806?
26
What is the greatest common divisor of 5250500 and 48500?
500
Calculate the greatest common divisor of 35 and 6992199935.
35
Calculate the greatest common factor of 289823148 and 719.
719
Calculate the greatest common factor of 15008 and 2565430.
938
Calculate the greatest common divisor of 17061067 and 33325.
1333
Calculate the greatest common divisor of 1687328 and 25728.
2144
What is the greatest common divisor of 139712 and 15419296?
1888
What is the highest common factor of 1 and 4460962?
1
Calculate the highest common factor of 483 and 836671.
23
What is the highest common factor of 5008 and 344926?
626
Calculate the highest common divisor of 7092 and 782878.
394
What is the greatest common factor of 56 and 11859232?
56
Calculate the highest common divisor of 4718 and 27985828.
674
What is the highest common divisor of 52398 and 35266765?
2911
What is the highest common divisor of 277614 and 63729?
873
Calculate the greatest common factor of 500 and 158985500.
500
Calculate the highest common factor of 2749174 and 776.
194
What is the greatest common divisor of 1126458 and 3546?
18
Calculate the highest common factor of 2309 and 71703686.
2309
What is the greatest common factor of 284598 and 41322?
582
Calculate the greatest common divisor of 5013 and 101097.
9
Calculate the highest common divisor of 121814580 and 20.
20
Calculate the highest common factor of 3920750 and 500.
250
Calculate the highest common divisor of 103198856 and 16.
8
What is the highest common divisor of 49392 and 170226?
882
What is the highest common factor of 39984 and 78312192?
2352
What is the greatest common factor of 80389992 and 120?
24
What is the greatest common divisor of 4843 and 1189?
29
Calculate the greatest common divisor of 10110 and 3486265.
1685
Calculate the greatest common factor of 1652876 and 224213.
1853
What is the highest common divisor of 43341748 and 108?
4
Calculate the highest common divisor of 1440 and 23024.
16
What is the highest common factor of 19688877 and 4329?
117
What is the highest common divisor of 343770 and 966?
42
Calculate the highest common factor of 752631 and 1221.
33
What is the greatest common factor of 58 and 10821814?
58
What is the highest common factor of 83144512 and 6853?
979
Calculate the greatest common factor of 32319 and 21546000.
10773
Calculate the highest common divisor of 172108843 and 229.
229
What is the highest common divisor of 4939680 and 751776?
3936
Calculate the highest common factor of 330190894 and 86.
86
What is the greatest common factor of 49300575 and 141900?
3225
Calculate the greatest common factor of 1121143608 and 26520.
5304
What is the highest common divisor of 196606 and 1148698?
998
What is the greatest common factor of 51957605 and 26670?
4445
What is the highest common factor of 1724 and 1930449?
431
Calculate the greatest common factor of 218257 and 849719.
2119
Calculate the highest common factor of 108125 and 17994595.
865
What is the greatest common divisor of 70 and 20791645?
35
Calculate the highest common factor of 638 and 113542308.
638
Calculate the greatest common factor of 1941997752 and 24.
24
Calculate the highest common factor of 450561 and 100293.
303
Calculate the highest common divisor of 79 and 1156191544.
79
Calculate the highest common divisor of 136068319 and 29.
29
What is the highest common divisor of 1273900197 and 87?
87
What is the highest common divisor of 300 and 16462690?
10
Calculate the highest common factor of 355 and 69593135.
355
What is the highest common factor of 348 and 765811932?
348
Calculate the greatest common factor of 675528 and 2760.
24
Calculate the highest common divisor of 5295879 and 48870.
1629
What is the highest common factor of 3263460 and 595806?
2994
What is the greatest common factor of 334418475 and 365?
365
Calculate the greatest common factor of 6738 and 27601094.
2246
What is the greatest common divisor of 949469432 and 8?
8
What is the highest common divisor of 52767 and 159346?
11
Calculate the highest common factor of 44439722 and 47.
47
What is the highest common divisor of 10663122 and 690?
138
What is the highest common factor of 20127428 and 4?
4
Calculate the highest common factor of 20895 and 108169236.
4179
What is the highest common divisor of 293799 and 63481?
319
What is the highest common divisor of 334395 and 15120?
135
What is the greatest common factor of 3123134 and 574?
574
What is the greatest common factor of 5765177 and 4931311?
14377
Calculate the highest common factor of 19888271 and 26.
13
Calculate the highest common factor of 346 and 75748915.
173
What is the greatest common factor of 359950 and 9614?
46
Calculate the highest common divisor of 3240 and 1000200.
120
Calculate the greatest common divisor of 618 and 845630.
206
Calculate the highest common divisor of 23844744 and 2898.
2898
What is the greatest common divisor of 8402517 and 9?
9
Calculate the highest common divisor of 3250 and 196391.
13
Calculate the highest common divisor of 10 and 2881378330.
10
What is the greatest common factor of 13312 and 1315584?
256
What is the highest common divisor of 4373304 and 45903?
4173
What is the greatest common divisor of 1230 and 8748006?
246
What is the highest common factor of 133450 and 164857850?
7850
What is the greatest common factor of 2058 and 24472413?
147
What is the greatest common divisor of 22586720 and 24?
8
Calculate the greatest common divisor of 67075288 and 168.
56
Calculate the greatest common factor of 594 and 1279366.
22
Calculate the greatest common divisor of 167816712 and 336.
168
Calculate the greatest common divisor of 572 and 32115908.
44
What is the greatest common factor of 3 and 19725967?
1
Calculate the greatest common factor of 1481 and 98760485.
1481
What is the greatest common factor of 4 and 15877886?
2
What is the greatest common divisor of 1400 and 2068967600?
1400
What is the highest common divisor of 72 and 3260232?
72
Calculate the highest common divisor of 826898747 and 9263.
9263
Calculate the highest common factor of 688231 and 341.
31
Calculate the greatest common divisor of 9 and 3339354.
3
What is the greatest common divisor of 97 and 84034204?
97
Calculate the greatest common divisor of 157408 and 53776.
16
Calculate the highest common factor of 23205616 and 784.
784
What is the highest common divisor of 1441 and 10307?
11
Calculate the greatest common factor of 51 and 281566495.
17
What is the greatest common divisor of 456 and 1645932?
228
What is the highest common factor of 660 and 3445660?
20
What is the greatest common divisor of 2790 and 28720570?
310
Calculate the greatest common divisor of 82615 and 4185.
155
Calculate the highest common factor of 9119 and 24981.
11
Calculate the greatest common divisor of 67390550 and 68.
34
What is the greatest common factor of 2255935 and 22121?
11
What is the greatest common factor of 8433320 and 280?
280
What is the greatest common factor of 724077 and 4128?
129
What is the greatest common divisor of 176994 and 385074?
18
Calculate the highest common divisor of 1650168 and 1173276.
468
Calculate the greatest common divisor of 39 and 867529.
13
What is the highest common divisor of 17742850 and 775?
775
Calculate the highest common factor of 446587 and 1738.
79
Calculate the greatest common divisor of 204055 and 277870.
185
Calculate the greatest common divisor of 2544 and 6218512.
16
Calculate the greatest common factor of 20759244 and 2805.
561
Calculate the highest common factor of 254525 and 27325.
25
What is the greatest common factor of 5124293 and 544?
17
Calculate the highest common factor of 11571284 and 16.
4
What is the greatest common factor of 17862 and 158964?
78
What is the highest common divisor of 1110431 and 196?
7
What is the highest common divisor of 4655 and 44474535?
665
Calculate the highest common factor of 1708325 and 225.
25
What is the highest common divisor of 983050 and 1000?
50
Calculate the highest common factor of 624 and 102522.
6
What is the